e prime factors of w.
3, 59
Let u = 17475 - 6351. List the prime factors of u.
2, 3, 103
Let i(g) = 2*g**3 - 25*g + 96. List the prime factors of i(19).
13339
Let w be 54/10 + 40/(-100). Suppose -2*t = 3*t - 25. Suppose -2*x = -2*j + 14, -w*j + 6*x = t*x - 35. List the prime factors of j.
7
Let b be 4/18 - (-1540)/(-45). Let a = 48 + b. What are the prime factors of (a/4)/((3/22)/3)?
7, 11
What are the prime factors of (-11 + 230425/(-15) + 6)/((-2)/3)?
2, 5, 461
Let r(f) = -f**3 - 41*f**2 - 8*f + 468. List the prime factors of r(-43).
2, 5, 11, 41
Let k be (12/(-9))/(4/(-6)). Suppose -c = 4*u - 21, 0 = 4*c + 19*u - 24*u. Suppose c*i + 0*s + k*s = 771, -168 = -i - 5*s. List the prime factors of i.
3, 17
Let j(r) = -r**3 - 8*r**2 - 7*r + 5. Let f be ((-7)/(-4))/(3/(-12)). Let l be j(f). Suppose x = l*x - 16. What are the prime factors of x?
2
Let x(b) = 4*b**2 - 20*b + 17. Suppose 5*s = -0*s + 40. What are the prime factors of x(s)?
113
Let d be (1 - -47) + (-54)/(-27). What are the prime factors of 20/d*-5 - (-9 - -1)?
2, 3
Suppose 3*w = -5*z + 7549, 7*w - 2*w = 4*z - 6054. Suppose -2779 - z = -15*x. What are the prime factors of x?
2, 11, 13
Let u(f) = 168*f**2 + 188*f - 2036. List the prime factors of u(12).
2, 17, 359
Let g be 35/(-20)*-434*10. What are the prime factors of 5/(g/(-1270) - -6)?
2, 127
Let m(y) = -11*y**3 + 2*y**2 - 8*y + 1. Let w(f) = -21*f**3 + 5*f**2 - 17*f + 3. Let t(k) = -5*m(k) + 2*w(k). What are the prime factors of t(2)?
3, 13
Suppose 22*m + 2*m = 168. Let j(p) = -134*p + 1. Let l be j(-6). Suppose -m*t = -70 - l. What are the prime factors of t?
5
Let t = 38851 + -38867. Let m(r) be the first derivative of -4*r**2 + 79*r + 1. What are the prime factors of m(t)?
3, 23
Let z = 7751 - 2445. List the prime factors of z.
2, 7, 379
Let k = 9342 - 7856. What are the prime factors of k?
2, 743
What are the prime factors of 36/24 - (38188/(-8) + -3)?
2, 2389
Suppose 3 = m, -2*j - 4*m = -7*j + 32993. List the prime factors of j.
7, 23, 41
Let l(q) = 7*q**2 + 13*q + 256. What are the prime factors of l(-11)?
2, 3, 5
Suppose -5*z - 3*n + 14432 = -n, 5*n = -3*z + 8682. What are the prime factors of z?
2, 7, 103
Suppose 14*c - 101750 = 168506. What are the prime factors of c?
2, 19, 127
Suppose -17481 = -5*q - 3511. Let o = q + -1485. What are the prime factors of o?
7, 11, 17
Let z be (-189)/3 + (-105)/35. Let c(f) = f**2 + 5*f + 1. Let t be c(-5). What are the prime factors of ((z/9)/t)/(2/(-6))?
2, 11
Let p(n) = n**2 - n. Let r be -1*(3 + (3 - 6)). Let q be p(r). Suppose -d - d + 23 = -5*i, q = 3*i + 3. List the prime factors of d.
3
Let z = -455 - -457. Suppose 0 = -5*s + z*h + 5156, -4*s + 3*h = -6*s + 2051. What are the prime factors of s?
2, 5, 103
What are the prime factors of 27 + 728263/17 + (0 - -2)?
2, 7, 1531
Let x(l) = -l**2 - 34*l - 53. Let f be x(-32). Let z(k) = -k**3 + 17*k**2 - 14*k + 13. What are the prime factors of z(f)?
3, 5, 13
Suppose -3*c + 3*b = -2220, 5*c + 4*b + b - 3740 = 0. Suppose 2*u + 3*u - 756 = -4*a, -4*a - 2*u = -c. What are the prime factors of a?
2, 23
Suppose 23*o - 22*o = 129. Suppose -2*z = -3*u + o, z + 2*u = -0*u - 47. Let d = 106 + z. What are the prime factors of d?
7
Suppose 6*k = -30531 + 243981. Suppose k = 29*t - 19931. List the prime factors of t.
2, 3, 11, 29
Suppose -3*m - 3*r + 631 = 2*r, m - r = 197. Suppose -5*q = -238 - m. Let w = q - 62. List the prime factors of w.
2, 13
What are the prime factors of (24/8)/(3395/3392 + -1)?
2, 53
Let k be (19/(-2))/(3/42). Let r = 226 + k. List the prime factors of r.
3, 31
Let g = 49 - 6. Let n = -59 + 9. Let v = g - n. What are the prime factors of v?
3, 31
Let p(z) be the third derivative of z**5/12 - z**3/6 + 3*z**2 + 14*z. What are the prime factors of p(9)?
2, 101
What are the prime factors of (-1356552)/(-498)*1/(2/4)?
2, 3, 227
Suppose -43*p = -2*p - 82. Suppose -p*o + 535 = -629. List the prime factors of o.
2, 3, 97
Suppose -2*y + 3*y - 308 = 0. Suppose -2*f + y = 38. Suppose -3*l = -663 + f. What are the prime factors of l?
2, 11
Suppose 2*n = 4*s - 351082, -14*n = 3*s - 15*n - 263308. List the prime factors of s.
87767
Suppose -4*k - 11 - 12 = -w, w - k - 11 = 0. Let v be (163/w + 8/(-28))*4. List the prime factors of (-21)/(-3)*v/8*2.
7, 23
Let p be (-3)/(-3)*-2 + (17 - 13). Suppose -p*c + 3*m + 142 = 0, 4*c + 3*m = m + 268. List the prime factors of c.
2, 17
Let q(r) = -547*r + 7013. What are the prime factors of q(-79)?
2, 3, 11, 761
Let y(g) = -2*g + 0*g + 2 + 2. Let a(t) = 2*t**3 - 46*t**2 - 48*t - 2. Let b be a(24). List the prime factors of y(b).
2
Suppose 0 = 36*f - 293307 - 14673. List the prime factors of f.
5, 29, 59
Let h(j) = 192*j - 2. Let l be h(3). Suppose l = o + 4*o - w, 0 = -4*o - 2*w + 448. What are the prime factors of o?
2, 3, 19
Let v = -2988 + 4502. List the prime factors of v.
2, 757
Let x(t) be the second derivative of t**4/12 - 5*t**3/6 - 3*t**2 + 19*t. Let y be x(0). List the prime factors of ((-226)/8)/(-3*y/(-72)).
113
Let l(s) = -41453*s**3 - 2*s**2 + 152*s + 153. List the prime factors of l(-1).
2, 43, 241
Let m be 14*(-5 + 54/12). What are the prime factors of (-2 - (6 + m))*-107*1?
107
List the prime factors of 4/6 + ((-22722192)/(-1026) - 3/57).
22147
Suppose 0 = -2*p + 4*j - 4, p = 3*j - 5*j + 6. Suppose 2*g = -8, -g + 301 + 145 = p*u. List the prime factors of u.
3, 5
Let k be 15/10 - 3/(-6). Let s be k/(-3)*(-5 - 1). Suppose -s*w - 11 + 55 = 0. What are the prime factors of w?
11
List the prime factors of 178299/30 + (1332/(-120))/37.
3, 7, 283
Suppose 9850 = -31*n + 124922. Suppose 7*m - 3*m = n. What are the prime factors of m?
2, 29
Let t(v) = -89*v - 75. Let p be 15/2*1*(-8)/10. What are the prime factors of t(p)?
3, 17
Suppose 5*g - i = 34778, -2*i + 138 + 6800 = g. List the prime factors of g.
2, 3, 19, 61
What are the prime factors of (-89 - -94)*((-94930)/(-25) + -4)?
2, 3, 29, 109
Let b = -408 + 435. Let h(x) = x - 23. Let a be h(0). Let k = a + b. What are the prime factors of k?
2
Suppose -o - 598*c = -601*c - 30342, -4*c + 32 = 0. What are the prime factors of o?
2, 3, 7, 241
Suppose -18*i + 401582 = 157952. What are the prime factors of i?
5, 2707
Suppose 4*s - 12740 = -2*d, -3*d = -3*s + 7128 + 2418. List the prime factors of s.
2, 199
Suppose -509 = -5*i + 336. Let w be ((-136)/(-6))/(4/42). Let j = w - i. What are the prime factors of j?
3, 23
Let d(r) = -r**3 - 13*r**2 + 229*r - 194. Let a be d(-23). Let f be (64/3)/(2/27). Let w = f + a. What are the prime factors of w?
3, 13
Let i = -76 + 517. Suppose 4*p + 213 = 3*n - i, -3*p - 1101 = -5*n. List the prime factors of n.
2, 3, 37
What are the prime factors of 20594 - 23/((-138)/30)?
20599
Suppose -5*q + 198 + 152 = 0. Let j(g) = g**3 - 6*g**2 - 16*g + 4. Let r be j(-3). Let z = r + q. What are the prime factors of z?
41
Suppose 45*l - 50*l = -x - 26231, -5*l + 26225 = 5*x. List the prime factors of l.
2, 43, 61
Suppose 527 = 6*d - 313. Suppose 4*l - 88 = o - 5*o, 5*l = 5*o - d. Let v = o + 109. List the prime factors of v.
2, 67
Suppose -c + 548 = -4*l, 3*c = 4*c + 5*l - 593. Suppose 3*i = -5*j + 1746, -5*i + 4*i + 3*j = -c. List the prime factors of i.
577
Let q(x) = 5*x**2 - 12*x + 31. Let b be q(-19). Suppose -4*g + 0*h = -h - b, 4 = -h. List the prime factors of g.
5, 103
Suppose 10*m - 12 = 6*m. Let u be ((-7)/(-1))/(2/6*m). Let q(j) = 20*j + 18. What are the prime factors of q(u)?
2, 79
Suppose b + 160 + 36 = j, -5*b + 775 = 4*j. Suppose 0*c - 3*y = 5*c - 483, 2*c + 3*y = j. What are the prime factors of c?
2, 3
Suppose -5*l = -p + 21329, 0 = -18*p + 20*p - 5*l - 42698. What are the prime factors of p?
3, 17, 419
Let b be 2/(-4)*0/(-2). Suppose -289*n - 520*n + 54685 = -55339. Suppose 2*l - n = -b*l. List the prime factors of l.
2, 17
Let k = -8637 + 12673. List the prime factors of k.
2, 1009
What are the prime factors of ((-4)/12)/(10/(-32610))?
1087
Let s = -34784 - -73591. List the prime factors of s.
151, 257
Suppose -222*z - 81*z = -2675770 - 3634811. List the prime factors of z.
59, 353
Let k(d) = d**3 - 15*d**2 + 17*d + 10. Let w be k(14). Suppose 0*p - 5*r = 3*p - 4, -5*p + w = -3*r. Suppose p*b - 336 = 4*b. What are the prime factors of b?
2, 3, 7
Let f = -1659 - -4523. Let w = f - 2031. List the prim